-1. Let j = -3 - 3. What is the remainder when 13 is divided by (-20)/j*(-3)/c?
3
Let a(w) = 12*w - 4. Let n(m) = m - 1. Let f(g) = -a(g) + 5*n(g). What is the remainder when 38 is divided by f(-3)?
18
Let n = -3 + -13. Let m be (-33)/4 - 4/n. Let h(f) = -f**3 - 7*f**2 + f - 9. Calculate the remainder when h(m) is divided by 16.
15
Let f = -7 + 9. Suppose n = f*n - 40. Calculate the remainder when n is divided by 14.
12
Let i = -91 - -121. Calculate the remainder when i is divided by 17.
13
Let v = 6 + 49. Let y = 48 - 34. What is the remainder when v is divided by y?
13
Let f be (12/8)/((-1)/8). Let a = 19 + f. Suppose m = n + n + 8, 4*m - 46 = n. Calculate the remainder when m is divided by a.
5
Let n(l) = 2*l + 1. Let j be n(6). Let m = j - 8. Suppose -3*c - 1 = 4*q, m*q - 3*q = 5*c - 7. Calculate the remainder when 1 is divided by c.
0
Suppose 0 = -5*w - 10, 2*l - l - w + 1 = 0. Let i(n) = n**3 + 2*n**2 - 2*n - 2. Let j be i(l). Let y = 13 - j. Calculate the remainder when 52 is divided by y.
16
Suppose i = -0*i + 5. What is the remainder when 9 is divided by i?
4
Suppose 7*s = 4*s + 63. Suppose -2*q = -39 - s. What is the remainder when q is divided by 16?
14
Suppose 3*u - 10*u + 770 = 0. What is the remainder when u is divided by 14?
12
Let v = -7 + 10. Let d be (v/(-2))/((-2)/4). Suppose 0 = d*y - 1 - 26. Calculate the remainder when 26 is divided by y.
8
Let o = -32 - -48. Suppose h + w = 27, 0 = 3*h - w - 2*w - 57. Let s = h - o. What is the remainder when 25 is divided by s?
4
Let s = 126 - 111. Calculate the remainder when 72 is divided by s.
12
Calculate the remainder when 3 + 2/(-4)*(-1 + -157) is divided by 21.
19
Suppose -x + 25 = 4*d, -3*d - 16 = -10. Calculate the remainder when x is divided by 13.
7
Suppose 0 = 2*v - 0*n - 4*n - 4, 4*n - 46 = -3*v. What is the remainder when v is divided by 7?
3
Suppose -u - r + 23 = 0, 0*u - r = -u + 17. What is the remainder when 37 is divided by u?
17
Let b = 56 - 46. Calculate the remainder when b is divided by 2.
0
Suppose -4*y + 15 = y. Suppose y*t + 25 = l, l + 4*l - 60 = 2*t. Let q(h) = -h + 8. What is the remainder when l is divided by q(4)?
2
Suppose -17 + 1 = -y. What is the remainder when y is divided by 6?
4
Suppose -u = -1 - 25. Calculate the remainder when u is divided by 9.
8
Suppose -g = 7*g - 472. What is the remainder when g is divided by 20?
19
Let t(v) be the third derivative of v**5/60 - v**4/24 - v**3/2 - v**2. Calculate the remainder when ((-8)/10)/(4/(-130)) is divided by t(-3).
8
Let o(r) = -r**3 + 12*r**2 + 14*r - 8. Calculate the remainder when 17 is divided by o(13).
2
Let z(u) = -u + 8. Let g be z(6). Let y(j) = j + 18. Let s be y(-6). Suppose 0*b = g*b - s. What is the remainder when 16 is divided by b?
4
Suppose p = -0*p + 14. Suppose 3*q = q + p. What is the remainder when 13 is divided by q?
6
Suppose -33 = -5*q + 82. Let m = 76 + -8. What is the remainder when m is divided by q?
22
Suppose -5*v - 688 = -3*c, 4*c - v - 936 = v. Suppose 4*k - 152 = c. Calculate the remainder when k is divided by 25.
22
Let j = -9 - -9. Suppose -g = -j*g - 29. What is the remainder when g is divided by 15?
14
Let u be -1 + (-1)/(2/6). Let w = u - -9. Suppose 5*o = o + 8. What is the remainder when w is divided by o?
1
Let r = -4 + 6. Let z = 4 + 2. Suppose 19 + z = 5*m. Calculate the remainder when m is divided by r.
1
Let b(q) = -7*q + 1. Let i be b(1). Let t = i - -9. Suppose 2 = z - 0*z. Calculate the remainder when t is divided by z.
1
Suppose 10*s + 3*c - 65 = 5*s, 0 = c. What is the remainder when s is divided by ((-28)/(-70))/(61/20 - 3)?
5
Suppose -7*x + 8*x = 134. What is the remainder when x is divided by 27?
26
Suppose 0 = -4*d - d + 315. Calculate the remainder when d is divided by 158/7 + -8*(-4)/(-56).
19
Suppose 0 = -9*k + 7*k + 110. What is the remainder when k is divided by 7?
6
Suppose 0 = -n - 3*x + 9, 0*n - 3*x + 33 = 5*n. Suppose 5*k = 4*k + n. Calculate the remainder when ((-9)/k)/3*-72 is divided by 19.
17
Let k = 10 + -6. Suppose -2*v + 0 = -k. What is the remainder when 3 is divided by 1/(-3)*(-12)/v?
1
Suppose 15 = 3*s, 0 = 2*q - s - 32 - 11. Let u = 6 - q. Calculate the remainder when 5 is divided by 4/u - 20/(-9).
1
Suppose 71 = 4*b - 181. What is the remainder when b is divided by 22?
19
Let z be (-3)/3*(-60)/1. Suppose -2*m + z = -4*o, 2*m - 3*m - o + 24 = 0. Calculate the remainder when m is divided by 14.
12
Let a(i) = -2*i**2 + 35*i + 15. What is the remainder when 158 is divided by a(17)?
30
Suppose g - 10 = 9. Suppose -35 = -5*v - 4*a, 0 = -3*v - v - 5*a + g. Calculate the remainder when v is divided by 6.
5
Let n = 254 - 178. What is the remainder when n is divided by 26?
24
Suppose -4*c - m = -4*m + 25, 5*m = c + 19. Let o(t) = -9*t + 1. What is the remainder when o(c) is divided by 10?
7
Let g be (27/3 + 2)*1. Suppose 0*l + g = l. Let d = -10 + 42. What is the remainder when d is divided by l?
10
Let f(u) = u**3 - 12*u**2 + 3*u + 14. Let q be 21/2 - (-3)/2. Suppose -87 = -4*w - 19. Calculate the remainder when f(q) is divided by w.
16
Suppose -g + 15 = 2*g. Suppose -2*p + g*s + 117 - 9 = 0, 4*p - 3*s - 244 = 0. What is the remainder when p is divided by 22?
20
Let j = 106 - 50. Calculate the remainder when j is divided by 15.
11
Let s(a) = -4*a - 6 - a + 5*a + 4*a. What is the remainder when 17 is divided by s(4)?
7
Suppose s - 3*x + 2 = 0, 0 = -2*s - 0*s - 2*x - 4. Let p be s*((-147)/2 + -1). Let m = p - 90. What is the remainder when m is divided by 20?
19
What is the remainder when (-105)/(-6)*((-144)/(-15))/3 is divided by 20?
16
Calculate the remainder when -1 + (86 - (2 - 1)) is divided by 17.
16
Suppose u + 77 = 8*u. What is the remainder when 20 is divided by u?
9
Suppose j - 1 = 8. Calculate the remainder when 25 is divided by j.
7
Let s = 169 - 158. What is the remainder when 39 is divided by s?
6
Suppose 0 = -5*t - 3*u - 6, 3*t - 3*u + 0 = 6. Calculate the remainder when 20 is divided by (1 - t) + 3 + 7.
9
Suppose -2*o + 0*o = 4*h - 10, -2*o - 2*h = -14. Calculate the remainder when 26 is divided by o.
8
Suppose 0 = k - 0 + 7. Let s(a) = -a - 5. Let o be s(k). Suppose -2*l - o + 14 = 0. Calculate the remainder when 17 is divided by l.
5
Suppose -4*o + 7*o - 4*v + 19 = 0, 0 = 3*v + 6. Let u = 147 - o. Suppose u = 4*a - 5*w, 10 = -3*w - 2. What is the remainder when a is divided by 12?
10
Let g = 19 - 84. Let t be g/3 - (-6)/(-18). Let n = t + 36. What is the remainder when n is divided by 5?
4
Let y(q) = -q**2 + 22*q - 72. Calculate the remainder when 36 is divided by y(17).
10
Suppose 5*t - 4*l - 137 = 0, 0 = -7*t + 4*t + l + 78. Calculate the remainder when t is divided by 13.
12
Let n(l) = -10*l - 5. Let r be (-4)/(-6)*(0 - -3). Suppose -47 = -r*z - 9. Calculate the remainder when n(-6) is divided by z.
17
Suppose 0*w + 2*w = 12. Let u(f) = -3*f + 5. Calculate the remainder when u(-4) is divided by w.
5
Let n(v) = 8*v - 5. What is the remainder when 31 is divided by n(2)?
9
Let u(t) = 48*t**2 + 4*t - 2. Calculate the remainder when u(1) is divided by 17.
16
Let p = 132 - 125. What is the remainder when 39 is divided by p?
4
Suppose 0 = -3*k + 2*a - 0*a + 59, -2*a = 5*k - 109. Let c = -8 + k. Calculate the remainder when 50 is divided by c.
11
Let r = -14 + 23. Let d be 1 + 1 + -2 + 2. Suppose 25 = 3*f - d*f. Calculate the remainder when f is divided by r.
7
Let v be 2/7 - 60/(-35). Suppose v*l = -0*l - 12. What is the remainder when 8 is divided by (-3 - -4)/((-2)/l)?
2
Let l = -3 + 3. Suppose -h - 2*h + 33 = l. Calculate the remainder when h is divided by 4.
3
Suppose 5*v - 1 - 19 = 0. Let d(t) = 6*t + 3. What is the remainder when d(v) is divided by 14?
13
Let l = 14 + -14. Suppose 5*v - 32 - 30 = -q, 4*v - 3*q - 42 = l. What is the remainder when 33 is divided by v?
9
Let d(h) = h**3 - h**2 + 21. Let q be d(0). What is the remainder when 40 is divided by (-2 - -1*q) + 2?
19
Suppose -4*r - 39 - 57 = 0. Calculate the remainder when 15 is divided by (r/10)/((-24)/60).
3
What is the remainder when (-7)/(-2)*(-56)/(-4) is divided by 25?
24
Let o be 0 + -2 - (1 - -1). Calculate the remainder when 34 - 5 - o/2 is divided by 16.
15
Calculate the remainder when 143 is divided by (3 - 39)*6/(-6).
35
Suppose -11 = -3*f - 2. Suppos